*v**t + 0 + 6 - 5 - v. Give j(1).
-5
Let q(u) = 70 - 3*u + 10*u + 11*u - 6*u. What is q(-6)?
-2
Let v(h) = h**3 - 8*h**2 - 8*h - 6. Suppose -4*c + m + 182 = -m, 5*m = -4*c + 175. Suppose 39*q + c = 44*q. Give v(q).
3
Let k(z) = -3*z - 3. Let b(q) = -2*q**2 - 18*q - 1. Let j(p) = p**2 + 9*p. Let m(g) = 4*b(g) + 9*j(g). Let f be m(-10). Calculate k(f).
-21
Suppose m + 7 = -z, 24*m - 20*m = -2*z - 24. Let x(y) be the second derivative of -y**5/20 - 7*y**4/12 - 11*y**3/6 - y**2/2 + 2*y. Determine x(m).
4
Suppose -x - 4*l - 14 = 0, -x = -2*x + 4*l + 2. Let n(d) = -d**3 + 7*d**2 + d + 4. Let z be n(7). Let w(b) = -17*b + 5*b + 2 + z*b. Calculate w(x).
8
Let g(w) be the second derivative of -w**5/20 - w**4/12 + 5*w**3/6 - w**2 + 1274*w. What is g(3)?
-23
Let b(f) = -f**2 - 11*f + 46. Let x(k) = -40*k**2 - 645*k - 97. Let v be x(-16). What is b(v)?
-56
Let i(w) = -8*w**2 - w**3 - 20 - 14*w - 10*w**2 + 11 + 37 + 63. Calculate i(-17).
40
Let p(m) be the third derivative of -m**6/120 - m**5/10 + m**4/2 + 10*m**3/3 + 3*m**2 - 797*m. What is p(-7)?
-15
Suppose 1393*w = 1820*w. Let j(i) be the third derivative of 0*i + 0 + i**2 - 1/60*i**5 - 1/24*i**4 + 5/6*i**3. What is j(w)?
5
Suppose 3*h = 4*i + 10 + 5, -2*i - 7 = -h. Let f(d) be the second derivative of d**4/12 + 5*d**3/6 - 5*d**2/2 - 3140*d. Calculate f(i).
-11
Let c(u) = 2*u**2 - 8*u - 5 + u - u**2 + 15. Let b be c(6). Let i be (1 - 2)*-11 - b. Let j(t) = -t**3 + 6*t**2 + 5*t + 9. Calculate j(i).
-5
Suppose -5*o + 9 = -1. Suppose 4*f = -2*y + 18, o*y = -3*y + 3*f - 20. Let s(w) be the second derivative of w**3/3 - w**2/2 - 65*w + 1. Give s(y).
-3
Let i(w) = w - 1. Let k(y) = -y**2 - 5*y + 5. Let l(x) = -11*i(x) - 2*k(x). Let j = -921 - -1317. Let s = j - 394. Give l(s).
7
Let l(a) be the third derivative of -a**5/60 + a**4/8 - a**3/6 + 614*a**2 + a. Let n = -1 + 13. Let m be (n/(-9))/(4/(-6)). Calculate l(m).
1
Let l(q) = -5*q**2 - q**3 - 52 + 14*q - 47 + 3*q + 128. Give l(-7).
8
Let z(m) be the second derivative of -1/3*m**3 - 7 - 11/2*m**2 + m. Determine z(-4).
-3
Suppose -104*l + 108*l = 12. Let b(c) = c + 15 - 10 - l - c + 2*c. Give b(-4).
-6
Suppose 13 - 45 = 21*r + 52. Let v(c) = -2*c**2 - 3*c - 9. Give v(r).
-29
Let t(m) = 3*m**2 + 8*m - 12. Let b(k) = 5*k**2 + 17*k - 23. Let p(s) = -4*b(s) + 7*t(s). Suppose -998 + 353 = -17*l - 458. Determine p(l).
-3
Let l be (17 - -7)*((-9)/(-6) - 0). Let b(s) = l + 68 + 6*s - s**2 - 111. Let o be 16/3 - 1/3. What is b(o)?
-2
Suppose 5*q + 10 = -2*a, -6*q + 3*q + 5*a = -25. Let y(m) be the first derivative of m**4/4 + m**3/3 + 8*m + 4. What is y(q)?
8
Let i be 248/(-24) + 4/(-6). Let v = i + 19. Suppose -3*s - 2*f + 0*f + v = 0, 5*s - 3*f = -12. Let t(u) = u**2 - 3. What is t(s)?
-3
Let k(b) = -11*b - 53. Let s be (6 - 266/42)*(3 - -18). Determine k(s).
24
Suppose -2*a + 2*v = -10, 0 = 3*v + 2 + 4. Suppose 62*l = 65*l - a. Let f(p) = -11*p**3 - 2*p**2 + 1. Calculate f(l).
-12
Let u = 364 - 293. Let o(c) = -32*c + 6 + u*c - 37*c. Give o(-5).
-4
Let n(c) = c**3 + 8*c**2 - 9*c + 5. Let j(r) = -181*r**2 - 19*r + 3. Let w be j(1). Let u = w + 188. Determine n(u).
5
Suppose -7*o + 3068 - 3306 = 0. Let j(c) = c**3 + 35*c**2 + 38*c + 129. Determine j(o).
-7
Suppose 5*t - 5*i = -590, -8*t = -10*t - 3*i - 221. Let m = -111 - t. Let s(w) = w**3 - 4*w**2 + 4. What is s(m)?
4
Let s(k) = -k**2 + 5*k + 1. Let i be 10/(-2)*(-9)/(-5). Let g be (-4 - i) + (0 - -1). Let z(m) = -2*m + 16. Let a be z(g). Give s(a).
5
Let y(p) = 5*p + 10. Let z(a) = -14*a - 29. Let l(j) = 11*y(j) + 4*z(j). Let h be l(-3). Let w(t) = -4*t + t - 1 + 5 - 1. Calculate w(h).
12
Let q(y) be the second derivative of -y**5/20 + y**4/12 - y**3/6 - 7*y**2/2 - 280*y - 10. Let l(f) = 3*f - 3*f - 3 + f. Let p be l(3). What is q(p)?
-7
Let g be 187/34*-2 - -11. Let n(j) = j**3 + j**2 + 2*j + 83. Give n(g).
83
Suppose -9*m = -3*u + 21, 0 = -27*m + 26*m - 3*u + 1. Let p(h) = -4*h**2 - 6*h - 11. Give p(m).
-15
Let f(i) = -i**3 - 14*i**2 + 54*i + 61. Let t be f(-17). Let w(b) = -b**3 + 13*b + 6 + 9*b**2 - 10 + 0*b - 10. Calculate w(t).
16
Let s(h) be the first derivative of -h**2 - 16*h - 658. Determine s(-11).
6
Let o(g) = -26*g - 15. Let v be o(-1). Let z be (-8)/(-44) - 2/v - 2. Let w(r) = -2*r**3 - 2. What is w(z)?
14
Suppose 0 = 44*i - 38*i - 12. Suppose -4*j + b + 2 = 0, 3*j = 4*j - i*b - 4. Let g be j - (-2 + (-9 - -2)). Let y(h) = -h + 5. Determine y(g).
-4
Let p(a) be the first derivative of 11*a**5/20 - a**3/3 + a**2/2 - 121*a - 119. Let g(c) be the first derivative of p(c). Give g(1).
10
Let j be ((-9)/12 + 1)*-4. Let u(m) be the first derivative of -2*m**4 - 619. Give u(j).
8
Let v(o) = 11*o + 14*o - 51*o + 20 + 12*o + 12*o. What is v(-6)?
32
Let k(q) be the third derivative of -6*q**2 + 0*q + 1/24*q**4 + 1/6*q**3 + 0. Let f be (-11 - (14 + -26))/((-2)/4). Give k(f).
-1
Let k(p) = p**2 - 5*p - 3. Let w be k(5). Let d(q) = 3*q**2 + 558*q - 1. Let m(l) = -2*l**2 - 336*l. Let g(f) = 3*d(f) + 5*m(f). Determine g(w).
6
Let f(a) = 5 - a**2 - 4 - 6*a - 2 - 3. Let h be 1 - 29/(87/18). Give f(h).
1
Let z(i) = i**2 - 5*i - 6. Suppose -3*l + 2*l = 2*q - 13, -18 = -3*q - 3*l. Suppose q*f = -74 + 39. Give z(f).
44
Let q = -124 - -582. Let c(f) = -1 - 911*f + q*f + 451*f. Give c(6).
-13
Suppose -18*m + 41 = -1 + 6. Let y(c) = c**3 - 2 - c + 2*c + 0*c - 2*c**2. Calculate y(m).
0
Let w(q) = q - 8. Suppose -53 + 107 = 9*r. Suppose 16 = 2*t - 4*n, -2*t = -3*n - 5 - 9. Let c be t/r*(10 - 4). Give w(c).
-4
Let o(x) = x + 3. Let s = -30 - -37. Let k be (3 + s/21)*-1*3. Let i be 2 + (-9)/((-45)/k). What is o(i)?
3
Let c(k) = 4*k**3 + 6*k**2 + 3*k + 9. Let y be (13 + 0 - 3) + (-8 - -3). Let j(q) = -3*q**3 - 6*q**2 - 2*q - 7. Let z(u) = y*j(u) + 4*c(u). Determine z(6).
13
Let c(t) be the third derivative of -t**5/60 - 7*t**4/6 + 17*t**3/3 + 22*t**2 - 14. Give c(-29).
5
Let i(d) = -d**3 - 13*d**2 - 7*d + 62. Let k be i(-12). Let h(x) = -7*x + 8 - 571*x**2 + 1136*x**2 - 566*x**k. Give h(-9).
-10
Let p = 2670 - 2668. Let j(y) = 7*y**2 - 11*y + 6. Calculate j(p).
12
Let g(u) be the first derivative of -u**3/3 + 55*u**2/2 - 342*u + 3345. Give g(48).
-6
Let t(f) = -f**2 - 5*f - 4. Let j(q) be the second derivative of 19*q**3/3 + 223*q**2/2 - 28*q + 2. Let p be j(-6). Give t(p).
-4
Suppose 3*r + 1 = 4*r. Let a(u) = -u + 15. Let t(j) = 53. Let p(b) = -7*a(b) + 2*t(b). What is p(r)?
8
Let q(v) = 187*v - 150. Let b(x) = -113*x + 75. Let i(d) = -5*b(d) - 3*q(d). Calculate i(-18).
3
Let o(r) = r**3 - 9*r**2 - 11*r + 8. Let z be -4 + 468/60 + (-1)/(-5). Suppose 4*y = -z*c + 52, -2*y + 27 = 3*c - 3*y. Determine o(c).
-2
Let f = -127701 + 127704. Let k(t) = 0 + 4 - 3*t + 0. Determine k(f).
-5
Let k be 17/60 - (-115)/(-575). Let p(g) be the second derivative of 10*g - 7/2*g**2 + 0 + 2/3*g**3 - k*g**4. What is p(5)?
-12
Let w be (4/1)/(65/26 - 3). Let m be 25/35 + w - 4/(-14). Let y(h) = h - 3. Give y(m).
-10
Let y be (-4 - -3)*1*-1. Let n(f) = 68*f**3 + f**2 + f + 19 - 20 - 65*f**3. Calculate n(y).
4
Let b(n) = -n**2 + 22*n - 65. Let t be -12 + (-232)/(-9 - -1). Determine b(t).
20
Let y be (-1)/(-6)*10*-6. Let a(k) = -10*k**2 + 46*k - 1509. Let s(u) = -3*u**2 + 15*u - 464. Let h(f) = 4*a(f) - 13*s(f). What is h(y)?
6
Let u(d) = -551*d**2 + 549*d**2 + 961 + d**3 - 962 - 13*d. Give u(-3).
-7
Let x(k) be the second derivative of -1 + 1/6*k**4 - 3/2*k**2 - 1/3*k**3 + 23*k + 1/10*k**5. What is x(-2)?
-7
Let t(l) = l**2 - 5*l + 3. Let c = -134 - -330. Let s = -193 + c. Determine t(s).
-3
Let x(y) = -9*y**2 - 14*y + 11. Let o(p) = 5*p**2 - 2 + 7*p - 4 + 0. Let f(z) = -11*o(z) - 6*x(z). Let n(v) = -168*v - 329. Let g be n(-2). Give f(g).
0
Let g(m) = 4*m - 3. Let v be (50/(-15) - -2)*(-15)/4. Suppose 0 = v*n - 15 - 15. What is g(n)?
21
Let o = 13 - 13. Let p be (o - 6/24) + (-242)/(-8). Let x be -2 - (-6)/(p/5). Let d(f) = -8*f**3 - f**2 - f. Give d(x).
8
Let z(o) = 9*o**2 + 69*o - 10. Let m(b) = b**2 + 5*b. Let c(d) = 22*m(d) - 2*z(d). Give c(6).
-4
Let b(a) = 2*a - 4*a - a**2 + 204 - 208 + a. Let x be 2/(-5) - (-22)/5. Let t(k) = k**3 - 3*k**2 - 6*k + 8. Let d be t(x). What is b(d)?
-4
Let u(d) = -49*d**2 + 28*d**2 + 2*d + 20*d**2 + 7 + 5 + 3*d. Calculate u(6).
6
Suppose -10*o - 29*o - 65*o + 832 = 0. Let l(v) = -v**2 - 11*v + 147. Determine 